 the remainder when 172 is divided by 85.
2
Calculate the remainder when 418 is divided by 46.
4
What is the remainder when 57 is divided by 47?
10
What is the remainder when 158 is divided by 10?
8
What is the remainder when 35457 is divided by 12?
9
Calculate the remainder when 284 is divided by 13.
11
Calculate the remainder when 2906 is divided by 97.
93
Calculate the remainder when 2056 is divided by 21.
19
What is the remainder when 399 is divided by 81?
75
Calculate the remainder when 743 is divided by 146.
13
What is the remainder when 83 is divided by 24?
11
Calculate the remainder when 1537 is divided by 4.
1
Calculate the remainder when 1062 is divided by 103.
32
What is the remainder when 143 is divided by 24?
23
What is the remainder when 92 is divided by 17?
7
Calculate the remainder when 85 is divided by 43.
42
What is the remainder when 458 is divided by 23?
21
Calculate the remainder when 78 is divided by 38.
2
Calculate the remainder when 4322 is divided by 111.
104
Calculate the remainder when 816 is divided by 30.
6
Calculate the remainder when 227 is divided by 12.
11
Calculate the remainder when 836 is divided by 47.
37
Calculate the remainder when 267 is divided by 16.
11
Calculate the remainder when 2257 is divided by 559.
21
What is the remainder when 3431 is divided by 104?
103
Calculate the remainder when 113 is divided by 30.
23
What is the remainder when 1084 is divided by 46?
26
Calculate the remainder when 118 is divided by 12.
10
Calculate the remainder when 9202 is divided by 13.
11
Calculate the remainder when 11833 is divided by 9.
7
What is the remainder when 171 is divided by 25?
21
What is the remainder when 400 is divided by 31?
28
What is the remainder when 647 is divided by 54?
53
What is the remainder when 127 is divided by 1?
0
What is the remainder when 636 is divided by 91?
90
Calculate the remainder when 382 is divided by 88.
30
Calculate the remainder when 221 is divided by 45.
41
Calculate the remainder when 75 is divided by 67.
8
Calculate the remainder when 838 is divided by 30.
28
What is the remainder when 31 is divided by 27?
4
What is the remainder when 132 is divided by 67?
65
Calculate the remainder when 3757 is divided by 80.
77
Calculate the remainder when 2745 is divided by 228.
9
Calculate the remainder when 9586 is divided by 14.
10
Calculate the remainder when 53 is divided by 28.
25
Calculate the remainder when 85 is divided by 34.
17
What is the remainder when 224 is divided by 19?
15
What is the remainder when 187 is divided by 29?
13
What is the remainder when 138 is divided by 55?
28
Calculate the remainder when 1584 is divided by 61.
59
What is the remainder when 595 is divided by 46?
43
What is the remainder when 87 is divided by 10?
7
Calculate the remainder when 245 is divided by 19.
17
What is the remainder when 691 is divided by 9?
7
What is the remainder when 520 is divided by 108?
88
Calculate the remainder when 49289 is divided by 265.
264
What is the remainder when 293 is divided by 102?
89
What is the remainder when 3356 is divided by 40?
36
Calculate the remainder when 2962 is divided by 89.
25
Calculate the remainder when 1290 is divided by 255.
15
Calculate the remainder when 2817 is divided by 12.
9
What is the remainder when 132 is divided by 40?
12
Calculate the remainder when 95 is divided by 9.
5
What is the remainder when 403 is divided by 103?
94
What is the remainder when 760 is divided by 21?
4
What is the remainder when 237 is divided by 27?
21
Calculate the remainder when 678 is divided by 57.
51
What is the remainder when 1054 is divided by 106?
100
Calculate the remainder when 102 is divided by 29.
15
Calculate the remainder when 31 is divided by 8.
7
Calculate the remainder when 315 is divided by 29.
25
What is the remainder when 75 is divided by 6?
3
Calculate the remainder when 115 is divided by 26.
11
Calculate the remainder when 52 is divided by 33.
19
Calculate the remainder when 697 is divided by 290.
117
What is the remainder when 38727 is divided by 188?
187
Calculate the remainder when 2741 is divided by 25.
16
Calculate the remainder when 195 is divided by 80.
35
What is the remainder when 60 is divided by 47?
13
What is the remainder when 989 is divided by 337?
315
Calculate the remainder when 114 is divided by 52.
10
Calculate the remainder when 3304 is divided by 6.
4
What is the remainder when 2745 is divided by 110?
105
What is the remainder when 902 is divided by 322?
258
What is the remainder when 104 is divided by 13?
0
What is the remainder when 185 is divided by 174?
11
Calculate the remainder when 46 is divided by 14.
4
What is the remainder when 414 is divided by 22?
18
Calculate the remainder when 247 is divided by 42.
37
What is the remainder when 605 is divided by 324?
281
What is the remainder when 11654 is divided by 109?
100
What is the remainder when 9402 is divided by 95?
92
What is the remainder when 1093 is divided by 73?
71
What is the remainder when 257 is divided by 57?
29
What is the remainder when 443 is divided by 247?
196
Calculate the remainder when 266 is divided by 27.
23
Calculate the remainder when 231 is divided by 79.
73
What is the remainder when 5956 is divided by 2972?
12
Calculate the remainder when 2374 is divided by 99.
97
What is the remainder when 64 is divided by 11?
9
Calculate the remainder when 2599 is divided by 55.
14
What is the remainder when 663 is divided by 23?
19
Calculate the remainder when 1725 is divided by 173.
168
Calculate the remainder when 16 is divided by 14.
2
What is the remainder when 54 is divided by 24?
6
What is the remainder when 46 is divided by 31?
15
What is the remainder when 338 is divided by 34?
32
Calculate the remainder when 204 is divided by 9.
6
Calculate the remainder when 494 is divided by 157.
23
What is the remainder when 149 is divided by 8?
5
What is the remainder when 3353 is divided by 84?
77
What is the remainder when 2358 is divided by 17?
12
What is the remainder when 2433 is divided by 606?
9
What is the remainder when 14945 is divided by 65?
60
Calculate the remainder when 2639 is divided by 1311.
17
Calculate the remainder when 1159 is divided by 11.
4
Calculate the remainder when 761 is divided by 21.
5
Calculate the remainder when 8729 is divided by 194.
193
Calculate the remainder when 66 is divided by 49.
17
What is the remainder when 599 is divided by 25?
24
What is the remainder when 3279 is divided by 164?
163
Calculate the remainder when 45 is divided by 23.
22
Calculate the remainder when 64 is divided by 8.
0
What is the remainder when 4388 is divided by 9?
5
Calculate the remainder when 2771 is divided by 692.
3
Calculate the remainder when 326 is divided by 15.
11
What is the remainder when 82 is divided by 28?
26
What is the remainder when 895 is divided by 90?
85
Calculate the remainder when 42767 is divided by 329.
326
What is the remainder when 63 is divided by 28?
7
What is the remainder when 131 is divided by 17?
12
What is the remainder when 12 is divided by 6?
0
Calculate the remainder when 424 is divided by 39.
34
Calculate the remainder when 629 is divided by 21.
20
Calculate the remainder when 778 is divided by 41.
40
Calculate the remainder when 76 is divided by 16.
12
What is the remainder when 475 is divided by 61?
48
What is the remainder when 150 is divided by 26?
20
What is the remainder when 43 is divided by 28?
15
What is the remainder when 758 is divided by 33?
32
What is the remainder when 449 is divided by 109?
13
What is the remainder when 326 is divided by 77?
18
What is the remainder when 700 is divided by 209?
73
What is the remainder when 343 is divided by 37?
10
Calculate the remainder when 2866 is divided by 221.
214
What is the remainder when 484 is divided by 466?
18
What is the remainder when 116 is divided by 17?
14
What is the remainder when 250 is divided by 62?
2
Calculate the remainder when 3055 is divided by 50.
5
Calculate the remainder when 260 is divided by 66.
62
What is the remainder when 116 is divided by 39?
38
What is the remainder when 1645 is divided by 1639?
6
What is the remainder when 132 is divided by 53?
26
What is the remainder when 229 is divided by 4?
1
Calculate the remaind